9. List the prime factors of q.
3, 7, 1129
Suppose 0 = -101*j - 9*j + 1250810. List the prime factors of j.
83, 137
Let b = -9906 - -30497. What are the prime factors of b?
59, 349
Let s(c) = 20*c**2 - 8*c + 10. Let m be s(3). Let i = 231 + m. What are the prime factors of i?
397
Let a be 2 + 3 + 2 + -7. Suppose a*c - 32*c + 19424 = 0. What are the prime factors of c?
607
Let r(g) be the first derivative of g**3/3 - g**2 + 33*g - 10. List the prime factors of r(-14).
257
Let o(a) = -134*a + 481. Let t be o(9). Let r = 1750 + t. What are the prime factors of r?
5, 41
Let q = 12565 + -720. List the prime factors of q.
5, 23, 103
Suppose -4*c = -3*s - 186, 4*c + 3*s - 159 - 39 = 0. Suppose 0*o - c = -o. Suppose -w + 83 = 4*a + 2*w, 4*a = 4*w + o. What are the prime factors of a?
17
Let q(l) = l**3 + 15*l**2 + 28*l + 30. Let d be q(-13). Let o(r) = 32*r**2 + 2*r + 6. What are the prime factors of o(d)?
2, 263
Let r be (-1)/4 - (-253)/4. Let g be -6*9/378*119. Let b = g + r. List the prime factors of b.
2, 23
Let p be (-2)/(-11) - 608/(-44). Suppose 13*v + 294 = p*v. Suppose -4*m + v = 102. What are the prime factors of m?
2, 3
Let l(p) = p**2 - 23*p + 94. Let b be l(5). Suppose -s - 927 - 1202 = -b*x, 0 = 3*x + 4*s - 1592. List the prime factors of x.
2, 7, 19
Suppose -4*h - 20 = -0*h. Let p = h + 9. Suppose -p*x + 5*v = -0*x - 131, 6 = -2*v. What are the prime factors of x?
29
Let z(k) = -48*k**3 + k + 1. Suppose -5*v + 20 = -40. Suppose v*s - 15*s = 3. List the prime factors of z(s).
2, 3
Suppose 2*d = -67 + 755. Suppose 0*u = -u + d. Suppose -t + 86 = -4*x, 4*t - 2*x = -5*x + u. List the prime factors of t.
2, 43
Let m(z) = z**2 - 16*z - 12. Let a be m(-12). Suppose -4*b + 10*b - a = 0. Suppose 3*w - b - 78 = 0. List the prime factors of w.
2, 11
Let a = 432 + -740. Let p = 665 + a. What are the prime factors of p?
3, 7, 17
Let c(m) = -4*m - 2. Let j be c(-2). Suppose 0 = -j*i + 7*i + 12. List the prime factors of 36*i/(-8) + -1.
53
Let q = -134 + 322. Suppose 68*f + q = 72*f. Let m = 73 - f. What are the prime factors of m?
2, 13
Suppose -4*o - 599*f + 595*f + 39148 = 0, o - 9787 = 2*f. What are the prime factors of o?
9787
What are the prime factors of (-1610)/(-483)*(-7926)/(-5)*3/6?
2, 1321
Let a(y) be the second derivative of 77*y**5/20 - y**4/12 - y**3/6 - 3*y**2/2 + 49*y. What are the prime factors of a(2)?
607
List the prime factors of (-20)/(-15)*(-2007)/(-12).
223
Let n = -2584 + 4096. Let t = -790 + n. List the prime factors of t.
2, 19
Suppose -29*g + 35353 + 10477 = 9000. What are the prime factors of g?
2, 5, 127
Let f(d) = 16 - 13*d**2 - 2*d**3 + 12*d**2 + 11*d + 53 + 14. What are the prime factors of f(-9)?
1361
Let p be ((-4)/5)/(2/15). Suppose 5*n - 2*n - 5*v = 2, 4*n + 44 = -5*v. List the prime factors of (-4)/p + (-914)/n.
3, 17
Suppose -b + o = -23, 4*o = -2*b - 2*b + 60. Let l(k) = k**2 - 29*k + 92. Let z be l(30). Suppose -b*r + z = -17*r. What are the prime factors of r?
61
Let v(y) = -457*y**3 + 17*y**2 + 54*y + 9. List the prime factors of v(-4).
3, 3257
Let k(z) = 4*z + 66. Let g be k(-16). Suppose -m - 4*t + 218 = 0, -g*m + 2*t + 481 = t. List the prime factors of m.
2, 7, 17
Suppose -3*n + 4*c = -14 - 18, 0 = 4*n - 4*c - 44. Suppose 0 = -r - 2*r + n. Suppose -r*y + 219 = -25. List the prime factors of y.
61
Suppose -12*p + 78 - 1206 = 0. Let g = 467 + p. What are the prime factors of g?
373
Let w(u) = 6176*u**3 + 3*u**2 - 48*u + 46. List the prime factors of w(1).
3, 29, 71
Suppose o - 38*m - 21399 = -39*m, 0 = 5*o + m - 106967. List the prime factors of o.
2, 7, 191
Suppose 29*s = 23794 + 36989 + 153614. What are the prime factors of s?
7393
Suppose -417495 = -49*b + 387869. What are the prime factors of b?
2, 7, 587
Suppose 0 = -w - 364 + 369, -5*g + 3*w + 57095 = 0. What are the prime factors of g?
2, 5711
Suppose 0 = -3*r + 3*q + 5866 - 595, -5*r + q = -8801. Let y = r + -941. What are the prime factors of y?
2, 5, 41
Let g = 606 + 19178. List the prime factors of g.
2, 2473
Suppose v + 5*j - 2322 - 7374 = 0, -5*j - 48660 = -5*v. List the prime factors of v.
2, 3, 1621
Let u(p) = p**3 - 3*p**2 + 4*p - 6. Let j be (-1)/((8 - 4)/(-16)). Let f be u(j). Let m = f - 1. List the prime factors of m.
5
Let f(n) = 9559*n**2 - 67*n + 2. List the prime factors of f(2).
2, 11, 433
Let t = 1086 + 30247. List the prime factors of t.
31333
Let z(q) = 10351*q**2 + 164*q + 165. What are the prime factors of z(-1)?
2, 647
Let y = 65 + -62. Suppose -f - 94 = -y*c + 130, 3*f - 88 = -c. List the prime factors of (c/(-3))/(-1 + (-8)/(-12)).
2, 19
What are the prime factors of -46 + 23/1 + 3939?
2, 11, 89
List the prime factors of (-2)/15 + 634070/150 + -6.
3, 7, 67
Suppose 4*l - 13740 = -2*t, 10*t = 12*t - 8*l - 13812. List the prime factors of t.
2, 3, 31, 37
Suppose 3624*o - 576840 = 3604*o. List the prime factors of o.
2, 3, 11, 19, 23
Let m be (-12 + 13)/(3/4341). Suppose m = 3*a - 299. What are the prime factors of a?
2, 3, 97
Let n = 2518 - -276. Let l be ((-14)/21)/(2/(-2838)). Suppose -6*w = -n + l. List the prime factors of w.
2, 7, 11
Let h(t) be the first derivative of 923*t**3/3 + 4*t**2 + 6*t - 141. List the prime factors of h(-1).
3, 307
Let n(p) = -p**3 - 8*p**2 + 4*p - 13. Let t = -46 - -52. Suppose t*i + 108 = -6*i. What are the prime factors of n(i)?
2
Let n = 105007 + -44169. What are the prime factors of n?
2, 19, 1601
Let y be 3 - (5 - 3)*-10. Suppose -4*a - 3*q + y = 0, 0 = 2*a + 3*q - 7 - 12. Suppose 4*i = -3*r + 526, -2*r - 252 = -2*i + a*r. List the prime factors of i.
2, 5, 13
Let i(r) be the first derivative of -7*r**2/2 + 18*r + 12. Let m be i(3). What are the prime factors of (-7 - (-6)/(-3))*m?
3
Let h be ((-2)/4)/(138/24 + -6). Suppose h*c = -5*n + 4494, -14*n - c + 4497 = -9*n. List the prime factors of n.
2, 3, 5
Let p = -623 - -724. Suppose -p*w = -113*w + 2016. List the prime factors of w.
2, 3, 7
Suppose -r + 139488 = 4*b, -3*r + 8*r - 69744 = -2*b. What are the prime factors of b?
2, 3, 1453
Let h(b) = -12*b + 76. Let f be h(6). Suppose -5*q + 1766 = -3*s + f*s, s + 2*q = 1775. What are the prime factors of s?
13, 137
Let h(l) = -2544*l - 16. List the prime factors of h(-2).
2, 317
Let h(x) = -5*x**2 + 22*x - 25. Let w be h(-10). Let n = w + 1150. List the prime factors of n.
3, 5
Let n = -47196 + 102086. What are the prime factors of n?
2, 5, 11, 499
Let o(f) = -f**2 - 11*f + 17. Let n be o(-9). Let b = n + -29. Suppose 10*q = b*q + 96. List the prime factors of q.
2, 3
Let a = -1794 - -18770. What are the prime factors of a?
2, 1061
Suppose -6 = -p + 3. Suppose -3*j = -p*j + 1044. Let t = j - 86. What are the prime factors of t?
2, 11
Suppose -3985 = -5*a + 5*k, 0 = 5*a - k - 0*k - 3969. Let o = a + -631. List the prime factors of o.
2, 3
Let s(l) = 356*l + 64861. What are the prime factors of s(0)?
37, 1753
Let l = 420 + -172. Suppose 4*v = j - l, -2*j - 3*v - 166 = -673. Suppose j = 4*f + 3*f. List the prime factors of f.
2, 3
Let h be (-2)/8 - ((-33)/(-12) - 4). Suppose 2*v - 27 = d - 6*d, 2*v = -2*d + 12. List the prime factors of 52*h*(-15)/(-6) + v.
131
Suppose 3*i = 10*i + 1463. Let h = 303 + i. Suppose 46 = 4*r - h. What are the prime factors of r?
5, 7
List the prime factors of (-6)/(-87) + (-9266751)/(-783).
3, 5, 263
Suppose 0 = 1988*h - 2003*h + 660225. List the prime factors of h.
5, 8803
Let y = 15076 - 5616. List the prime factors of y.
2, 5, 11, 43
Suppose -5*g = -12*b + 16*b - 9246, -2*b + 5546 = 3*g. What are the prime factors of g?
2, 13, 71
Suppose 4705 = 4*n + 3*n - 24198. List the prime factors of n.
4129
Let p = -261 + 299. Let u(q) = -q**2 + 57*q + 111. List the prime factors of u(p).
7, 17
Let f(q) = -12*q**3 - 5*q**2 - 9*q + 103. What are the prime factors of f(-10)?
11, 1063
Suppose -i - 3*o = 6, 0 = -i - 4*i - o - 2. Suppose h - 3*p = -i*h + 146, 312 = 2*h - p. Let q = 228 - h. List the prime factors of q.
2, 5, 7
Let w = 39 + -35. Suppose 2*b + w*b + 60 = 0. Let x(n) = -n**2 - 13*n + 13. List the prime factors of x(b).
43
Let b = 3045 - 1558. Suppose 22 = -3*o - 5*x + 1131, 4*o = -5*x + b. What are the prime factors of o?
2, 3, 7
Let h(q) = 88*q**2 + 35*q + 36. Let a be h(-1). Suppose 82*r + 11081 = a*r. What are the prime factors of r?
1583
Suppose -28*z + 19*z